ctors of w.
2, 5
Let z(u) be the third derivative of u**4/6 - 4*u**3/3 + 2*u**2. List the prime factors of z(6).
2
Suppose -2*w + 408 = 3*w - 2*s, -w = -5*s - 77. What are the prime factors of w?
2, 41
Suppose 4*w - 5*p = 3, 2*p = 6*w - 4*w - 2. List the prime factors of w.
2
Let u = -1 - -1. Suppose -4*y - 5*r + 12 = u, 15 = 3*y + 2*y + 5*r. Suppose 2*j = y*j - 12. List the prime factors of j.
2, 3
Let k(a) = a**2 - 7*a + 8. Let f be k(9). Suppose 3*b = -2*x + 33, 2*b = 4*x - 0 - f. What are the prime factors of x?
3
Let y = 2 + 4. Let c(j) = 5*j - 10. What are the prime factors of c(y)?
2, 5
Let n be -6*3/(-6)*3. Suppose 0 = -n*x + 4*x. Suppose x*m = 2*m - 12. List the prime factors of m.
2, 3
What are the prime factors of (-1)/(-2) - 750/(-20)?
2, 19
Let z(c) be the first derivative of 2*c**3/3 - 5*c**2/2 + 2*c - 1. Let j = 68 - 64. What are the prime factors of z(j)?
2, 7
Suppose 3*f = 3*n - 0*f - 69, 4*f - 12 = 0. Suppose -7 = -3*y + n. What are the prime factors of y?
11
Suppose 0 = -2*f + 3*f + 39. List the prime factors of (0 - f)/((-6)/(-4)).
2, 13
Suppose 0 = 3*w - 78 - 210. Suppose -4*s = 2*v - w, 2*s + 222 = v + 3*v. List the prime factors of v.
2, 3
Let l be (9/3)/(2/2). Let m(g) = g**2 - g + 3. Let d be m(l). Suppose -d = -4*r + 3. List the prime factors of r.
3
Suppose 6*u - 36 = -2*c + 3*u, -c - 8 = -5*u. List the prime factors of c.
2, 3
Suppose -2*y = -4*y + 66. Suppose 31 - 8 = -f. Let u = f + y. What are the prime factors of u?
2, 5
Suppose 10 - 1 = 3*o. Let v(t) = -t**2 + 3*t**o + 1 + 2*t + 1 - 3 + 0*t. List the prime factors of v(1).
3
Let s be (-85)/(-2) + 2/(-4). Suppose -29 = 3*q - 3*m + 4*m, -4*q = 3*m + s. Let r = q - -17. List the prime factors of r.
2
What are the prime factors of -1 - (-5 + 3 - 42)?
43
Suppose 70 = 2*d - 10. Suppose d = -c + 3*c. List the prime factors of c.
2, 5
Let f(c) = -2*c**2 - 18*c + 22. What are the prime factors of f(-9)?
2, 11
Let y be -2*(3 + (3 - 8)). Suppose a + 18 = y*a. What are the prime factors of a?
2, 3
Let w = 146 + -90. Suppose -4*q + 8 = -w. List the prime factors of q.
2
Let p(u) = 5*u**3 - 2*u**2 + u. Suppose -2*n + z + 1 = 0, 0*n - 5*n = z - 6. List the prime factors of p(n).
2
Suppose 3*j + 5 = 4*j. Let v(n) = -n**3 - 3*n**2 - 2*n - 1. Let s be v(-3). Let z = j + s. What are the prime factors of z?
2, 5
Let o = -63 - -396. List the prime factors of o.
3, 37
Suppose -5*k + 711 = 2*s, 0 = -4*k - 2*s + 152 + 418. What are the prime factors of k?
3, 47
Suppose j + 102 = 2*o, -2*o - j = -57 - 53. What are the prime factors of o?
53
Let f = -14 - -5. Let g(x) = -4*x + 10 + 2 - 10*x**2 - x**3 - 4*x. List the prime factors of g(f).
3
Let o = 154 + 10. What are the prime factors of o?
2, 41
Let q(b) = -b**2 + 5*b + 2. Let g be q(5). Let a(r) = 2*r**3 + r**2 + 2. Let x be a(-2). What are the prime factors of (1/g)/((-1)/x)?
5
Suppose 0 = v - 0 - 3. What are the prime factors of (1 - 0/v)*5?
5
Suppose 3*k - 18 = -3. Suppose d = -k*y - 7, -3*y - d - 3 = -2*y. List the prime factors of (y/(-2))/((-3)/(-60)).
2, 5
Suppose 2 = -0*u + 2*u. Let i = -18 - -23. List the prime factors of i + -3 + u + 14.
17
Suppose 4*m + 4 = -0. Let g be (4 - m)/((-3)/(-3)). Suppose -r = -2*r + g. What are the prime factors of r?
5
Suppose -2*u = -0*u + 24. Let t be 4/u - (-32)/6. What are the prime factors of (0 - 2/t)*-25?
2, 5
Let o = 11 + -7. Let l = 8 + o. Suppose -l = -t + 3*p, -t + 4*p = 5*p - 4. What are the prime factors of t?
2, 3
Let p(t) = t**3 + 8*t**2 + 4*t - 12. What are the prime factors of p(-5)?
43
Let p be 1 + -3 - (3 + -1). Let l be (-5)/10*p/(-2). List the prime factors of -3*(l + 12/(-9)).
7
List the prime factors of ((-114)/8)/((-18)/48).
2, 19
Let c(t) = 3*t**3 + t**2. Let b be c(1). Suppose -f + 0*f + 1 = -4*i, f + b*i = 9. What are the prime factors of f?
5
Let t(o) = 2*o**2 - 2*o. List the prime factors of t(4).
2, 3
Let h = 32 + -6. List the prime factors of h.
2, 13
Let x(y) = -y**3 - 4*y**2 - 7*y - 6. What are the prime factors of x(-6)?
2, 3
Let o = -1 - 0. What are the prime factors of (7 + -1)*(1 - o)?
2, 3
Let u = 2 + -2. Let z(w) be the second derivative of w**4/12 + w**3/6 + 6*w**2 + 3*w. List the prime factors of z(u).
2, 3
Let g(b) be the second derivative of b**5/60 - b**3/2 + 3*b. Let d(z) be the second derivative of g(z). List the prime factors of d(1).
2
Let q(n) = n**2 - n - 1. Let s be q(-5). Let v = s - 11. What are the prime factors of v?
2, 3
Suppose z - 26 - 13 = 0. List the prime factors of z.
3, 13
Suppose 6*q = 8*q. Suppose -o + 12 + 15 = q. What are the prime factors of o?
3
What are the prime factors of (136/(-20))/(2/(-10))?
2, 17
Let k be 2*(2 - 18/4). Let x(v) = -v**2 - 8*v - 4. List the prime factors of x(k).
11
Let o(w) = -w**2 + w - 2. Let g be o(-2). Suppose 5*p - 3*i - 8 = -3, -4*i = -5*p. Let q = p - g. List the prime factors of q.
2, 3
Let h(u) = u**3 - u**2 - u - 4. List the prime factors of h(6).
2, 5, 17
Suppose -4*b - 156 - 12 = 0. What are the prime factors of ((-2)/(-4))/((-3)/b)?
7
Let v(p) = 2*p**2 + 8*p - 7. List the prime factors of v(-7).
5, 7
Suppose 31 = 4*r - 13. Suppose 3*v = 2*t + 4*v - r, -5*t + 5 = -5*v. What are the prime factors of t?
2
Let q = 6 - 8. Let p(j) = -6*j**3 - 3*j**2 - j. List the prime factors of p(q).
2, 19
Let u(c) = -7*c - 9. Let l be u(-6). Let b = 48 - l. List the prime factors of b.
3, 5
Let c = 22 + -7. What are the prime factors of c?
3, 5
List the prime factors of 4*6/48 - (-547)/2.
2, 137
Suppose -4*i + 262 + 250 = 0. Suppose -5*q = -i - 17. What are the prime factors of q?
29
What are the prime factors of (-22)/(-99) - 374/(-18)?
3, 7
Suppose 170 = 3*r + y, -r - 3*y = -45 - 17. Suppose -r + 11 = -5*w. Suppose 35 = 2*h + w. What are the prime factors of h?
13
Suppose 2*r - 6 = -0*b - 2*b, -17 = -4*r + b. Let f(o) = o + 4. Let w be f(r). List the prime factors of 10/4*w/10.
2
Let t(f) = -f + 4. Let g be (-3)/2*(-8)/12. Let r = -5 + g. List the prime factors of t(r).
2
Let q be (-2)/(-9)*39*3. Suppose 5*z - z + q = 2*l, 5*l = -z + 65. List the prime factors of l.
13
Let z = 63 + -27. Suppose -6*o + 138 + z = 0. What are the prime factors of o?
29
Let w(s) = s**3 - 7*s**2 + 5*s + 8. Let i = 3 - -3. Let t be w(i). Let n = 0 + t. What are the prime factors of n?
2
Let j(s) = -8*s**2 + 2*s. Let d(f) = 17*f**2 - 5*f - 1. Let w(r) = -2*d(r) - 5*j(r). List the prime factors of w(2).
2, 13
Let b = -37 - -60. Let r = 34 - b. List the prime factors of r.
11
Let p(g) be the second derivative of g**5/20 + 2*g**4/3 - 5*g**3/3 - 3*g**2 - 2*g. Let t be p(-9). Let n = 8 - t. What are the prime factors of n?
5
Let v = 12 + -5. Suppose v = 2*g + 3. Let q(p) = 2*p**3 - 2*p**2 + 2*p. What are the prime factors of q(g)?
2, 3
Suppose -7 = -q - c, -4*c + 2*c + 18 = 3*q. Let r(g) = -9*g. Let a be r(-5). Suppose -p - q*p = -a. List the prime factors of p.
3
Let w(s) = -s**3 - 6*s**2 + 5*s. What are the prime factors of w(-7)?
2, 7
Suppose -14 = -0*s - 2*s + 4*n, -4*n - 12 = -4*s. Let g(c) = 9*c**2. List the prime factors of g(s).
3
Suppose -2*t + 37 + 33 = 0. Let j(p) = p**3 - 5*p**2 - 2*p. Let g be j(3). Let q = t + g. List the prime factors of q.
11
What are the prime factors of (-2)/9 - 325/(-45) - -4?
11
Suppose -3*b + 3*o + 51 = -21, 0 = 3*o. Suppose 4*q + 20 = 0, 2*u + 4*q = -2*u + b. What are the prime factors of u?
11
Suppose -s - 6 = -4*s. Suppose -2*a = s*a - 24. List the prime factors of a.
2, 3
Suppose -11*i + 793 = -813. What are the prime factors of i?
2, 73
Let b be (9/(-15))/((-2)/10). Let a(l) = l**2 + 6*l - 2. Let x be a(-7). Suppose -3*d = -b*k - 18, 3*d + x*k = 2*d + 30. What are the prime factors of d?
2, 5
Let r = 221 + -148. What are the prime factors of r?
73
What are the prime factors of -15*1*(-1 + -2)?
3, 5
List the prime factors of 6/2 - 0 - (-6 - 50).
59
Let w = 0 + -40. Let z = w - -56. Suppose -3*c = -z + 1. List the prime factors of c.
5
Suppose g - 284 - 33 = 0. What are the prime factors of g?
317
Suppose -3*b + b = 4*w - 320, 314 = 2*b - 2*w. List the prime factors of b.
2, 79
Let n(w) = -w**3 - 3*w**2 - w + 1. Let s be n(-3). Let l(c) = -c**2 + 11*c - 10. Let x be l(9). Suppose s*d + 8 = x*d. List the prime factors of d.
2
Suppose -41 = -2*c - 13. Suppose 6 = l + q, -4*q = 3*l - c - 3. List